[INFO] fetching crate btfm 0.3.0...
[INFO] checking btfm-0.3.0 against try#72f88fc4e9458f89516a0b8b0868f3718aec5b47 for pr-74989
[INFO] extracting crate btfm 0.3.0 into /workspace/builds/worker-10/source
[INFO] validating manifest of crates.io crate btfm 0.3.0 on toolchain 72f88fc4e9458f89516a0b8b0868f3718aec5b47
[INFO] running `Command { std: "/workspace/cargo-home/bin/cargo" "+72f88fc4e9458f89516a0b8b0868f3718aec5b47" "read-manifest" "--manifest-path" "Cargo.toml", kill_on_drop: false }`
[INFO] started tweaking crates.io crate btfm 0.3.0
[INFO] finished tweaking crates.io crate btfm 0.3.0
[INFO] tweaked toml for crates.io crate btfm 0.3.0 written to /workspace/builds/worker-10/source/Cargo.toml
[INFO] crate crates.io crate btfm 0.3.0 already has a lockfile, it will not be regenerated
[INFO] running `Command { std: "/workspace/cargo-home/bin/cargo" "+72f88fc4e9458f89516a0b8b0868f3718aec5b47" "fetch" "--locked" "--manifest-path" "Cargo.toml", kill_on_drop: false }`
[INFO] [stderr]     Blocking waiting for file lock on package cache
[INFO] [stderr]  Downloading crates ...
[INFO] [stderr]   Downloaded caf v0.1.0
[INFO] [stderr]   Downloaded ogg v0.5.1
[INFO] [stderr]   Downloaded lewton v0.7.0
[INFO] [stderr]   Downloaded alac v0.3.3
[INFO] [stderr]   Downloaded deepspeech-sys v0.7.0
[INFO] [stderr]   Downloaded audrey v0.2.0
[INFO] [stderr]   Downloaded sample v0.9.1
[INFO] [stderr]   Downloaded audiopus_sys v0.1.7
[INFO] [stderr]   Downloaded deepspeech v0.7.0
[INFO] [stderr]   Downloaded audiopus v0.1.3
[INFO] [stderr]   Downloaded sodiumoxide v0.2.5
[INFO] [stderr]   Downloaded libsodium-sys v0.2.5
[INFO] running `Command { std: "docker" "create" "-v" "/var/lib/crater-agent-workspace/builds/worker-10/target:/opt/rustwide/target:rw,Z" "-v" "/var/lib/crater-agent-workspace/builds/worker-10/source:/opt/rustwide/workdir:ro,Z" "-v" "/var/lib/crater-agent-workspace/cargo-home:/opt/rustwide/cargo-home:ro,Z" "-v" "/var/lib/crater-agent-workspace/rustup-home:/opt/rustwide/rustup-home:ro,Z" "-e" "SOURCE_DIR=/opt/rustwide/workdir" "-e" "CARGO_TARGET_DIR=/opt/rustwide/target" "-e" "CARGO_HOME=/opt/rustwide/cargo-home" "-e" "RUSTUP_HOME=/opt/rustwide/rustup-home" "-w" "/opt/rustwide/workdir" "-m" "1610612736" "--user" "0:0" "--network" "none" "rustops/crates-build-env@sha256:d92eaeed33fa75130ca1ee6c8a01d1ffb62bac859dfdfb3450e3e5d1c0146529" "/opt/rustwide/cargo-home/bin/cargo" "+72f88fc4e9458f89516a0b8b0868f3718aec5b47" "metadata" "--no-deps" "--format-version=1", kill_on_drop: false }`
[INFO] [stdout] b5e65e0bd48fca04d9d02f2304f6d0d6ea0c1f733911c4db7c8d77fbb4baa526
[INFO] [stderr] WARNING: Your kernel does not support swap limit capabilities or the cgroup is not mounted. Memory limited without swap.
[INFO] running `Command { std: "docker" "start" "-a" "b5e65e0bd48fca04d9d02f2304f6d0d6ea0c1f733911c4db7c8d77fbb4baa526", kill_on_drop: false }`
[INFO] running `Command { std: "docker" "inspect" "b5e65e0bd48fca04d9d02f2304f6d0d6ea0c1f733911c4db7c8d77fbb4baa526", kill_on_drop: false }`
[INFO] running `Command { std: "docker" "rm" "-f" "b5e65e0bd48fca04d9d02f2304f6d0d6ea0c1f733911c4db7c8d77fbb4baa526", kill_on_drop: false }`
[INFO] [stdout] b5e65e0bd48fca04d9d02f2304f6d0d6ea0c1f733911c4db7c8d77fbb4baa526
[INFO] running `Command { std: "docker" "create" "-v" "/var/lib/crater-agent-workspace/builds/worker-10/target:/opt/rustwide/target:rw,Z" "-v" "/var/lib/crater-agent-workspace/builds/worker-10/source:/opt/rustwide/workdir:ro,Z" "-v" "/var/lib/crater-agent-workspace/cargo-home:/opt/rustwide/cargo-home:ro,Z" "-v" "/var/lib/crater-agent-workspace/rustup-home:/opt/rustwide/rustup-home:ro,Z" "-e" "SOURCE_DIR=/opt/rustwide/workdir" "-e" "CARGO_TARGET_DIR=/opt/rustwide/target" "-e" "CARGO_INCREMENTAL=0" "-e" "RUST_BACKTRACE=full" "-e" "RUSTFLAGS=--cap-lints=forbid" "-e" "CARGO_HOME=/opt/rustwide/cargo-home" "-e" "RUSTUP_HOME=/opt/rustwide/rustup-home" "-w" "/opt/rustwide/workdir" "-m" "1610612736" "--user" "0:0" "--network" "none" "rustops/crates-build-env@sha256:d92eaeed33fa75130ca1ee6c8a01d1ffb62bac859dfdfb3450e3e5d1c0146529" "/opt/rustwide/cargo-home/bin/cargo" "+72f88fc4e9458f89516a0b8b0868f3718aec5b47" "check" "--frozen" "--all" "--all-targets" "--message-format=json", kill_on_drop: false }`
[INFO] [stdout] a73ae61b76d0525ef10415861ef0b62a390aad4a18b60190e1bf021bd0cdd97f
[INFO] [stderr] WARNING: Your kernel does not support swap limit capabilities or the cgroup is not mounted. Memory limited without swap.
[INFO] running `Command { std: "docker" "start" "-a" "a73ae61b76d0525ef10415861ef0b62a390aad4a18b60190e1bf021bd0cdd97f", kill_on_drop: false }`
[INFO] [stderr]    Compiling proc-macro2 v1.0.12
[INFO] [stderr]    Compiling unicode-xid v0.2.0
[INFO] [stderr]    Compiling autocfg v1.0.0
[INFO] [stderr]    Compiling syn v1.0.19
[INFO] [stderr]    Compiling log v0.4.8
[INFO] [stderr]     Checking once_cell v1.3.1
[INFO] [stderr]    Compiling byteorder v1.3.4
[INFO] [stderr]    Compiling cfg-if v0.1.10
[INFO] [stderr]     Checking lazy_static v1.4.0
[INFO] [stderr]    Compiling memchr v2.3.3
[INFO] [stderr]     Checking futures-core v0.3.5
[INFO] [stderr]    Compiling bitflags v1.2.1
[INFO] [stderr]    Compiling crc32fast v1.2.0
[INFO] [stderr]     Checking pin-project-lite v0.1.5
[INFO] [stderr]    Compiling serde v1.0.107
[INFO] [stderr]    Compiling openssl v0.10.29
[INFO] [stderr]     Checking futures-io v0.3.5
[INFO] [stderr]     Checking pin-utils v0.1.0
[INFO] [stderr]    Compiling native-tls v0.2.4
[INFO] [stderr]    Compiling adler32 v1.0.4
[INFO] [stderr]    Compiling take_mut v0.2.2
[INFO] [stderr]    Compiling rle-decode-fast v1.0.1
[INFO] [stderr]     Checking ppv-lite86 v0.2.6
[INFO] [stderr]    Compiling deepspeech-sys v0.7.0
[INFO] [stderr]    Compiling unicode-segmentation v1.6.0
[INFO] [stderr]     Checking unicode-width v0.1.7
[INFO] [stderr]     Checking strsim v0.8.0
[INFO] [stderr]    Compiling serenity v0.8.6
[INFO] [stderr]     Checking vec_map v0.8.2
[INFO] [stderr]     Checking ansi_term v0.11.0
[INFO] [stderr]     Checking hound v3.4.0
[INFO] [stderr]     Checking sample v0.9.1
[INFO] [stderr]     Checking static_assertions v1.1.0
[INFO] [stderr]     Checking alac v0.3.3
[INFO] [stderr]     Checking claxon v0.4.2
[INFO] [stderr]    Compiling libsqlite3-sys v0.17.3
[INFO] [stderr]    Compiling proc-macro-error-attr v1.0.2
[INFO] [stderr]    Compiling proc-macro-error v1.0.2
[INFO] [stderr]     Checking http v0.2.1
[INFO] [stderr]    Compiling ring v0.16.13
[INFO] [stderr]     Checking futures-channel v0.3.5
[INFO] [stderr]     Checking futures-task v0.3.5
[INFO] [stderr]     Checking lock_api v0.3.4
[INFO] [stderr]     Checking miniz_oxide v0.3.6
[INFO] [stderr]     Checking unreachable v1.0.0
[INFO] [stderr]     Checking textwrap v0.11.0
[INFO] [stderr]    Compiling libc v0.2.69
[INFO] [stderr]     Checking idna v0.2.0
[INFO] [stderr]     Checking encoding_rs v0.8.22
[INFO] [stderr]    Compiling openssl-sys v0.9.56
[INFO] [stderr]    Compiling indexmap v1.3.2
[INFO] [stderr]    Compiling num-traits v0.2.11
[INFO] [stderr]    Compiling num-integer v0.1.42
[INFO] [stderr]     Checking thread_local v0.3.4
[INFO] [stderr]    Compiling heck v0.3.1
[INFO] [stderr]     Checking net2 v0.2.34
[INFO] [stderr]     Checking getrandom v0.1.14
[INFO] [stderr]     Checking atty v0.2.11
[INFO] [stderr]    Compiling parking_lot_core v0.6.2
[INFO] [stderr]    Compiling parking_lot v0.9.0
[INFO] [stderr]     Checking generic-array v0.12.3
[INFO] [stderr]     Checking smallvec v0.6.13
[INFO] [stderr]     Checking want v0.3.0
[INFO] [stderr]     Checking deepspeech v0.7.0
[INFO] [stderr]     Checking clap v2.33.0
[INFO] [stderr]     Checking rand_core v0.5.1
[INFO] [stderr]     Checking url v2.1.1
[INFO] [stderr]     Checking flate2 v1.0.14
[INFO] [stderr]     Checking mio v0.6.22
[INFO] [stderr]    Compiling libflate v0.1.27
[INFO] [stderr]    Compiling audiopus_sys v0.1.7
[INFO] [stderr]     Checking digest v0.8.1
[INFO] [stderr]    Compiling filetime v0.2.10
[INFO] [stderr]    Compiling xattr v0.2.2
[INFO] [stderr]     Checking rand_chacha v0.2.2
[INFO] [stderr]     Checking bytes v0.4.12
[INFO] [stderr]     Checking block-buffer v0.7.3
[INFO] [stderr]     Checking ogg v0.5.1
[INFO] [stderr]     Checking base64 v0.10.1
[INFO] [stderr]     Checking caf v0.1.0
[INFO] [stderr]    Compiling quote v1.0.4
[INFO] [stderr]    Compiling tar v0.4.26
[INFO] [stderr]     Checking rand v0.7.3
[INFO] [stderr]     Checking sha-1 v0.8.2
[INFO] [stderr]     Checking tokio v0.2.20
[INFO] [stderr]     Checking lewton v0.7.0
[INFO] [stderr]     Checking http v0.1.21
[INFO] [stderr]     Checking input_buffer v0.2.0
[INFO] [stderr]     Checking audiopus v0.1.3
[INFO] [stderr]     Checking http-body v0.3.1
[INFO] [stderr]    Compiling libsodium-sys v0.2.5
[INFO] [stderr]     Checking audrey v0.2.0
[INFO] [stderr]     Checking webpki v0.21.2
[INFO] [stderr]     Checking sct v0.6.0
[INFO] [stderr]     Checking ct-logs v0.6.0
[INFO] [stderr]     Checking rustls v0.17.0
[INFO] [stderr]     Checking webpki-roots v0.18.0
[INFO] [stderr]     Checking rustls v0.16.0
[INFO] [stderr]     Checking tokio-util v0.3.1
[INFO] [stderr]     Checking tokio-tls v0.3.1
[INFO] [stderr]     Checking tungstenite v0.9.2
[INFO] [stderr]     Checking tokio-rustls v0.13.0
[INFO] [stderr]     Checking rustls-native-certs v0.3.0
[INFO] [stderr]    Compiling syn-mid v0.5.0
[INFO] [stderr]    Compiling serde_derive v1.0.107
[INFO] [stderr]    Compiling pin-project-internal v0.4.13
[INFO] [stderr]    Compiling futures-macro v0.3.5
[INFO] [stderr]    Compiling command_attr v0.2.0
[INFO] [stderr]    Compiling diesel_derives v1.4.1
[INFO] [stderr]    Compiling structopt-derive v0.4.7
[INFO] [stderr]     Checking pin-project v0.4.13
[INFO] [stderr]     Checking futures-util v0.3.5
[INFO] [stderr]     Checking structopt v0.3.14
[INFO] [stderr]     Checking h2 v0.2.5
[INFO] [stderr]     Checking hyper v0.13.5
[INFO] [stderr]     Checking hyper-tls v0.4.1
[INFO] [stderr]     Checking hyper-rustls v0.20.0
[INFO] [stderr]     Checking chrono v0.4.11
[INFO] [stderr]     Checking serde_urlencoded v0.6.1
[INFO] [stderr]     Checking serde_json v1.0.52
[INFO] [stderr]     Checking stderrlog v0.4.3
[INFO] [stderr]     Checking diesel v1.4.4
[INFO] [stderr]     Checking reqwest v0.10.4
[INFO] [stderr]     Checking sodiumoxide v0.2.5
[INFO] [stderr]     Checking btfm v0.3.0 (/opt/rustwide/workdir)
[INFO] [stdout] error[E0412]: cannot find type `TypeMap` in this scope
[INFO] [stdout]    --> src/voice.rs:275:40
[INFO] [stdout]     |
[INFO] [stdout] 274 | impl Receiver {
[INFO] [stdout]     |     - help: you might be missing a type parameter: `<TypeMap>`
[INFO] [stdout] 275 |     pub fn new(client_data: Arc<RwLock<TypeMap>>) -> Receiver {
[INFO] [stdout]     |                                        ^^^^^^^ not found in this scope
[INFO] [stdout] 
[INFO] [stdout] 
[INFO] [stdout] error[E0412]: cannot find type `TypeMap` in this scope
[INFO] [stdout]    --> src/voice.rs:323:82
[INFO] [stdout]     |
[INFO] [stdout] 323 | fn voice_recognition(voice_rx: mpsc::Receiver<Vec<i16>>, client_data: Arc<RwLock<TypeMap>>) {
[INFO] [stdout]     |                     - help: you might be missing a type parameter: `<TypeMap>`   ^^^^^^^ not found in this scope
[INFO] [stdout] 
[INFO] [stdout] 
[INFO] [stdout] error[E0412]: cannot find type `TypeMap` in this scope
[INFO] [stdout]    --> src/voice.rs:419:38
[INFO] [stdout]     |
[INFO] [stdout] 419 | fn play_clip(client_data: Arc<RwLock<TypeMap>>, result: &str) {
[INFO] [stdout]     |             -                        ^^^^^^^ not found in this scope
[INFO] [stdout]     |             |
[INFO] [stdout]     |             help: you might be missing a type parameter: `<TypeMap>`
[INFO] [stdout] 
[INFO] [stdout] 
[INFO] [stdout] error[E0412]: cannot find type `TypeMap` in this scope
[INFO] [stdout]    --> src/voice.rs:275:40
[INFO] [stdout]     |
[INFO] [stdout] 274 | impl Receiver {
[INFO] [stdout]     |     - help: you might be missing a type parameter: `<TypeMap>`
[INFO] [stdout] 275 |     pub fn new(client_data: Arc<RwLock<TypeMap>>) -> Receiver {
[INFO] [stdout]     |                                        ^^^^^^^ not found in this scope
[INFO] [stdout] 
[INFO] [stdout] 
[INFO] [stdout] error[E0412]: cannot find type `TypeMap` in this scope
[INFO] [stdout]    --> src/voice.rs:323:82
[INFO] [stdout]     |
[INFO] [stdout] 323 | fn voice_recognition(voice_rx: mpsc::Receiver<Vec<i16>>, client_data: Arc<RwLock<TypeMap>>) {
[INFO] [stdout]     |                     - help: you might be missing a type parameter: `<TypeMap>`   ^^^^^^^ not found in this scope
[INFO] [stdout] 
[INFO] [stdout] 
[INFO] [stdout] error[E0412]: cannot find type `TypeMap` in this scope
[INFO] [stdout]    --> src/voice.rs:419:38
[INFO] [stdout]     |
[INFO] [stdout] 419 | fn play_clip(client_data: Arc<RwLock<TypeMap>>, result: &str) {
[INFO] [stdout]     |             -                        ^^^^^^^ not found in this scope
[INFO] [stdout]     |             |
[INFO] [stdout]     |             help: you might be missing a type parameter: `<TypeMap>`
[INFO] [stdout] 
[INFO] [stdout] 
[INFO] [stdout] error: aborting due to 3 previous errors
[INFO] [stdout] 
[INFO] [stdout] 
[INFO] [stdout] For more information about this error, try `rustc --explain E0412`.
[INFO] [stdout] 
[INFO] [stderr] error: could not compile `btfm`.
[INFO] [stderr] 
[INFO] [stderr] To learn more, run the command again with --verbose.
[INFO] [stderr] warning: build failed, waiting for other jobs to finish...
[INFO] [stdout] error: aborting due to 3 previous errors
[INFO] [stdout] 
[INFO] [stdout] 
[INFO] [stdout] For more information about this error, try `rustc --explain E0412`.
[INFO] [stdout] 
[INFO] [stderr] error: build failed
[INFO] running `Command { std: "docker" "inspect" "a73ae61b76d0525ef10415861ef0b62a390aad4a18b60190e1bf021bd0cdd97f", kill_on_drop: false }`
[INFO] running `Command { std: "docker" "rm" "-f" "a73ae61b76d0525ef10415861ef0b62a390aad4a18b60190e1bf021bd0cdd97f", kill_on_drop: false }`
[INFO] [stdout] a73ae61b76d0525ef10415861ef0b62a390aad4a18b60190e1bf021bd0cdd97f
